nits digit of 213164775?
5
What is the hundred thousands digit of 740935732?
9
What is the units digit of 263919819?
9
What is the hundreds digit of 42677242?
2
What is the hundreds digit of 18554215?
2
What is the thousands digit of 25585130?
5
What is the tens digit of 5639053021?
2
What is the ten thousands digit of 1248256498?
5
What is the units digit of 438028105?
5
What is the thousands digit of 16043858?
3
What is the hundreds digit of 332484166?
1
What is the ten millions digit of 1781075527?
8
What is the hundred thousands digit of 34221829?
2
What is the ten millions digit of 96731181?
9
What is the hundred millions digit of 5568016586?
5
What is the tens digit of 4300841986?
8
What is the units digit of 368413207?
7
What is the hundreds digit of 481806540?
5
What is the millions digit of 1051521570?
1
What is the units digit of 354006199?
9
What is the hundreds digit of 3579866932?
9
What is the ten millions digit of 73651696?
7
What is the millions digit of 852657951?
2
What is the units digit of 611107919?
9
What is the tens digit of 1108869997?
9
What is the ten millions digit of 60893817?
6
What is the hundreds digit of 68197571?
5
What is the ten millions digit of 6420556421?
2
What is the ten thousands digit of 168579964?
7
What is the millions digit of 78300772?
8
What is the tens digit of 662456453?
5
What is the hundred millions digit of 1148219893?
1
What is the ten millions digit of 1898810666?
9
What is the units digit of 466408563?
3
What is the units digit of 1263914550?
0
What is the millions digit of 1368959969?
8
What is the millions digit of 872959613?
2
What is the millions digit of 244626003?
4
What is the hundreds digit of 18289421?
4
What is the ten millions digit of 131514679?
3
What is the units digit of 230122080?
0
What is the billions digit of 1378063609?
1
What is the millions digit of 245664201?
5
What is the hundred thousands digit of 79892932?
8
What is the ten millions digit of 27178756?
2
What is the hundred thousands digit of 23876039?
8
What is the millions digit of 25644152?
5
What is the hundred millions digit of 1253977045?
2
What is the tens digit of 84796948?
4
What is the units digit of 19482868?
8
What is the ten millions digit of 286192915?
8
What is the hundred thousands digit of 65605990?
6
What is the ten thousands digit of 152987143?
8
What is the units digit of 141480684?
4
What is the ten thousands digit of 242354454?
5
What is the units digit of 11079079?
9
What is the billions digit of 1141783339?
1
What is the hundreds digit of 85463863?
8
What is the ten millions digit of 16323753?
1
What is the ten millions digit of 384841574?
8
What is the hundred millions digit of 2119164379?
1
What is the millions digit of 33895521?
3
What is the hundreds digit of 348064566?
5
What is the thousands digit of 3141082?
1
What is the millions digit of 244139772?
4
What is the millions digit of 16762761?
6
What is the ten millions digit of 25977132?
2
What is the hundreds digit of 1474087312?
3
What is the ten millions digit of 6036150532?
3
What is the ten millions digit of 2269864822?
6
What is the units digit of 88467425?
5
What is the ten millions digit of 674334918?
7
What is the billions digit of 4354202549?
4
What is the billions digit of 4554768505?
4
What is the thousands digit of 184608961?
8
What is the units digit of 304861691?
1
What is the hundred thousands digit of 1673053832?
0
What is the hundred millions digit of 8173260986?
1
What is the thousands digit of 25331402?
1
What is the thousands digit of 75570114?
0
What is the ten millions digit of 5062847638?
6
What is the hundred millions digit of 444910508?
4
What is the thousands digit of 925794451?
4
What is the units digit of 728901213?
3
What is the units digit of 1648819933?
3
What is the ten millions digit of 36806367?
3
What is the millions digit of 115798349?
5
What is the ten thousands digit of 91737463?
3
What is the ten millions digit of 1079580744?
7
What is the ten millions digit of 363207568?
6
What is the ten thousands digit of 241860242?
6
What is the ten millions digit of 141722652?
4
What is the tens digit of 429623330?
3
What is the billions digit of 3620695850?
3
What is the thousands digit of 44811858?
1
What is the ten millions digit of 33914045?
3
What is the tens digit of 2593441?
4
What is the hundreds digit of 1356475787?
7
What is the millions digit of 45079423?
5
What is the ten thousands digit of 1175855098?
5
What is the hundreds digit of 663919451?
4
What is the hundreds digit of 3202848624?
6
What is the units digit of 4289273753?
3
What is the thousands digit of 153438640?
8
What is the millions digit of 815750181?
5
What is the millions digit of 56648294?
6
What is the hundreds digit of 95971103?
1
What is the tens digit of 54672636?
3
What is the ten millions digit of 57545798?
5
What is the units digit of 113224537?
7
What is the hundreds digit of 334329471?
4
What is the ten millions digit of 1520594338?
2
What is the millions digit of 126293200?
6
What is the tens digit of 2491765?
6
What is the millions digit of 8634906696?
4
What is the ten thousands digit of 108085369?
8
What is the ten millions digit of 664009820?
6
What is the units digit of 228198055?
5
What is the ten thousands digit of 5357440362?
4
What is the ten millions digit of 173379953?
7
What is the ten thousands digit of 132686988?
8
What is the hundred millions digit of 113569023?
1
What is the hundred thousands digit of 192888652?
8
What is the units digit of 2372314754?
4
What is the millions digit of 66783069?
6
What is the billions digit of 2545239568?
2
What is the millions digit of 98285204?
8
What is the millions digit of 819052150?
9
What is the hundred millions digit of 4613526606?
6
What is the hundred thousands digit of 23331899?
3
What is the millions digit of 334738977?
4
What is the hundreds digit of 1531180659?
6
What is the ten millions digit of 836085411?
3
What is the ten thousands digit of 15163386?
6
What is the ten millions digit of 1235810137?
3
What is the tens digit of 626877526?
2
What is the tens digit of 44786288?
8
What is the ten millions digit of 2293321664?
9
What is the ten thousands digit of 824200298?
0
What is the millions digit of 896178995?
6
What is the thousands digit of 67917468?
7
What is the units digit of 49840977?
7
What is the thousands digit of 261110496?
0
What is the ten thousands digit of 257216897?
1
What is the ten thousands digit of 27414326?
1
What is the thousands digit of 4928867?
8
What is the tens digit of 54759539?
3
What is the units digit of 97075578?
8
What is the millions digit of 275043115?
5
What is the units digit of 3134540743?
3
What is the units digit of 9906941?
1
What is the hundreds digit of 6008210593?
5
What is the hundred thousands digit of 8046946?
0
What is the ten thousands digit of 99921930?
2
What is the millions digit of 44365385?
4
What is the ten thousands digit of 30002091?
0
What is the ten thousands digit of 106374813?
7
What is the millions digit of 130322156?
0
What is the hundreds digit of 69888944?
9
What is the tens digit of 587588575?
7
What is the millions digit of 205030266?
5
What is the ten millions digit of 2650169275?
5
What is the hundred thousands digit of 824172678?
1
What is the thousands digit of 124134881?
4
What is the millions digit of 1014231683?
4
What is the millions digit of 447753127?
7
What is the hundred millions digit of 157976671?
1
What is the hundreds digit of 226822157?
1
What is the hundreds digit of 27952643?
6
What is the units digit of 221589144?
4
What is the tens digit of 316595074?
7
What is the hundred millions digit of 1616796549?
6
What is the ten millions digit of 1173036540?
7
What is the ten thousands digit of 75084906?
8
What is the thousands digit of 78082485?
2
What is the ten millions digit of 10366740?
1
What is the ten thousands digit of 193491277?
9
What is the hundred thousands digit of 110482987?
4
What is the billions digit of 1529327203?
1
What is the units digit of 242360899?
9
What is the billions digit of 3260414431?
3
What is the millions digit of 2129516074?
9
What is the hundred thousands digit of 19691593?
6
What is the ten millions digit of 495812931?
9
What is the millions 